e units digit of b(9)?
8
Suppose 12 = d + 5*d. Let y(v) = 0*v + 97 + v + d*v - 2*v. What is the tens digit of y(0)?
9
Let t(c) = c**3 + c + 2. Let x(a) = -2*a**3 - 3*a**2 - 6*a - 10. Let k(i) = -4*t(i) - x(i). What is the units digit of k(-4)?
0
Let q(m) = -m**3 + 5*m**2 + 8*m + 4. Let v be q(6). Let h = 200 - 90. Suppose s = 3*y - h + v, 26 = y - 3*s. What is the tens digit of y?
3
Let o = 61 - 55. Suppose -o*j = -j + 10. What is the tens digit of 1/j + 2835/42?
6
Suppose -555 = -0*z - z - m, -2*z - 3*m = -1113. Suppose -5*b - z = -b. Let c = b + 252. What is the hundreds digit of c?
1
Let w(k) = -118*k + 14 + 51*k - 52. What is the hundreds digit of w(-3)?
1
What is the thousands digit of 8 + 4 + -11 - -13161?
3
Let v = -39 + 42. Suppose 0 = 3*j - v*i + 12, 3*j + 2*i - 8 = 2*j. Suppose 2*t - 3*m - 24 = j, -56 = -4*t + m + m. What is the tens digit of t?
1
Let b(w) = 26*w + 46. Let r be b(-6). Let v = -93 - r. What is the units digit of v?
7
Suppose 90*j - 92*j + 2*g + 18370 = 0, 16*j = g + 146945. What is the tens digit of j?
8
Let i = 85083 - 44359. What is the units digit of i?
4
Let p be (21/(-6) + 3)/(1/(-14)). Suppose -p*o = -1754 - 4770. What is the units digit of o?
2
What is the units digit of 2134431/18*(-10)/(-45)?
1
Suppose -n - 3*d - 5 = 1, 5*d = -5*n. Suppose -1013 = -n*r + 619. Suppose -5*f + r = -o, -2*o + 304 = 3*f + 3*o. What is the hundreds digit of f?
1
Let t = 3697 + 1724. Suppose 0 = -15*i + t + 474. What is the tens digit of i?
9
Let w = 1432 - -901. What is the hundreds digit of w?
3
Suppose -9*r + 2*r = 0. Suppose r*h = -4*h - 1040. What is the units digit of 40/h + ((-82)/13)/(-2)?
3
Suppose -96208 = -5*v - 2*s + 56191, 0 = 4*v - 2*s - 121894. What is the tens digit of v?
7
Let i(a) = -a**2 - 12*a - 10. Let b be i(-16). Let o = b - -204. What is the hundreds digit of o?
1
Let r = -5 - -7. Let y be (19 - 23)*(-1)/r. Suppose -4*g - 36 = n - y*n, 0 = -n + 2*g + 28. What is the units digit of n?
0
Let a = 13712 - 8063. What is the hundreds digit of a?
6
Suppose -4*a = -54*n + 56*n - 1124, 0 = 2*a + 4*n - 574. Suppose -4*s = -5*s + 10. Suppose 0 = -s*h + 511 + a. What is the units digit of h?
9
Let d = -5291 + 11128. What is the thousands digit of d?
5
Let k = -245 + 440. Suppose -4*q - 3*d + k = 0, 4*q - 5*d - 209 = -22. What is the units digit of q?
8
Suppose 3*z - 271 = 305. Let j = z - 172. What is the tens digit of j?
2
Suppose 0 = j - 2*i - 6690, i = 19*j - 23*j + 26751. What is the thousands digit of j?
6
Suppose 73*t - 230744 = 1392192. What is the thousands digit of t?
2
Suppose -3*j + j = -j. Let r = -17 + j. What is the units digit of (r/(-4)*-3)/(3/(-12))?
1
Let z(u) = 3*u**2 - 8*u - 25*u**2 - 10*u - 11*u**2 + 2*u**3 - u**3 - 77. What is the thousands digit of z(35)?
1
Let t(q) be the second derivative of -63*q**3/2 - 19*q**2/2 - 102*q. What is the hundreds digit of t(-2)?
3
Let v(k) = -458*k - 691. What is the hundreds digit of v(-8)?
9
Suppose -3*c = 2*c - 20. Suppose 3*w + c*i = 25, -4*w - 3*i + 11 = -13. Let d(n) = 30*n**2 - 2*n + 10. What is the hundreds digit of d(w)?
2
Suppose -2*a - 13*n = -11*n - 2, -5*n + 13 = -3*a. What is the hundreds digit of (1763/86)/(a/(-70))?
4
Let p(j) = 10*j**2 + 68*j + 887. What is the tens digit of p(-38)?
4
Let y = -33 - -156. Suppose -5*m + 770 = 3*c, -c - y = -4*m + 510. What is the tens digit of m?
5
Let q(g) = 23*g + 3470. What is the hundreds digit of q(-125)?
5
Let n = -4442 - -5878. What is the units digit of n?
6
Suppose -1570 = 6*s - 16*s. Suppose i + 9*a - 4*a = s, 0 = 3*i - 3*a - 381. Suppose -2*q = -5*p + 316, -i = -2*p - 6*q + 4*q. What is the units digit of p?
4
Let x = 12625 - 3865. What is the tens digit of x?
6
Suppose -5630 = -l - d + 6006, 2*d = -l + 11639. What is the ten thousands digit of l?
1
What is the hundreds digit of -26 + 3 + 14 + 14181?
1
Let u be 18/27 - (-2288)/6. Suppose -6*h = -1964 - u. What is the tens digit of h?
9
Let l(p) = 65*p - 10*p**2 + 72*p + 12 + 71*p. What is the units digit of l(10)?
2
Suppose -4*w + u = -11911, 0 = 3*w + 3*u - 9034 + 82. Suppose 9 - w = -9*f. What is the tens digit of f?
3
Let b be 2/3 + (-1302)/(-18). Let t be (-5 - -1)*(-134)/8. Suppose -t = -2*l + b. What is the tens digit of l?
7
Suppose a - 6 = -4*m, -3*a + 0*m - m + 7 = 0. Let f be ((0 - 1)/((-3)/12))/a. What is the hundreds digit of 104 + f + 0/(-11)?
1
Let p(q) = -21*q + 9. Let n(b) = b**3 - 4*b**2 - b + 2. Let t be n(3). Let x be p(t). Let l = x - 147. What is the tens digit of l?
7
Let f(a) = 5*a**3 - 8*a**3 - 2*a**2 - 12 - 3 - 3*a**3 - 7*a. Let g = -146 + 144. What is the units digit of f(g)?
9
Let g be ((-2)/4)/(217/(-42) + 5). Suppose p = -g*j + 2655, -5*p = -3*j - 9*p + 2646. What is the tens digit of j?
8
Let k be 39/12 + (-5)/20. Suppose 1963 = 5*a - m, 4*a - 6*m - 1577 = -k*m. What is the units digit of a?
2
What is the hundreds digit of ((-189818)/535)/((-1)/20)?
0
Suppose -6*z - 330002 + 52054 = -50*z. What is the units digit of z?
7
Let g(z) = 6*z**2 - 74*z - 1666. What is the thousands digit of g(-45)?
3
Suppose -16*r = -136 - 168. Suppose -4*z = -13 - r. What is the units digit of z?
8
Let k = 44 + -44. Suppose -2*s + s = -k*s. Suppose 2*h - 126 = -s*h. What is the tens digit of h?
6
Suppose -12*w + 9*w + 57456 = 0. Suppose -15*d = -63*d + w. What is the units digit of d?
9
Let k = -1117 - -12155. What is the units digit of k?
8
Let h = -76151 - -111189. What is the tens digit of h?
3
Let f = 7948 + 534. What is the tens digit of f?
8
Let x(y) = -y**2 - 3*y + 11. Let g be x(-5). Suppose -g = 5*z - 31. Suppose 2*p - z = 108. What is the tens digit of p?
5
Let i(j) = 45*j + 186. Suppose 4*u - 66 = -2*s, 5*u - 3*u = s + 23. What is the tens digit of i(u)?
1
Let y(f) = -f**3 + f**2 + f + 46. Let i be y(0). Let s = 250 - i. Suppose -2*d + 51 = 3*u - 46, -4*d + s = -4*u. What is the tens digit of d?
5
Let n = 101 + -105. Let u(p) = 29*p**2 + 5*p - 10. What is the units digit of u(n)?
4
Suppose 15 = -20*g + 15*g, 0 = -4*s - 4*g + 7192. What is the units digit of s?
1
Suppose -4*a = 5*y + 16, 2*y = 7*a - 2*a + 20. Let z(p) = p**3 + p + 98. Let g be z(y). Suppose g = x - 15. What is the units digit of x?
3
Let b(n) = 14*n. Let w = -244 - -265. What is the tens digit of b(w)?
9
Let f = 253 + 311. Let x = f - -328. What is the units digit of x?
2
Suppose -19192 = -2*u - 3*x, -4*x + x = -6*u + 57576. What is the tens digit of u?
9
Suppose -2*c + 6*c + 4*j - 80 = 0, -c + 16 = -3*j. Suppose -k = -3*i - c, 3*k + 5*i + 29 = 4*k. What is the units digit of ((0 - 1) + k)/((-1)/(-36))?
8
Let n(x) = 3579*x - 5624. What is the units digit of n(6)?
0
Suppose -8*a + 121110 = -0*a - 2*a. What is the thousands digit of a?
0
Let o = 70 - 61. Let p(q) be the second derivative of q**4/6 - q**3/6 + 5*q**2/2 - 66*q. What is the tens digit of p(o)?
5
Let x = 18 + -11. Suppose x*v - 6*v - 37 = 0. What is the units digit of v?
7
Let s(y) be the second derivative of y**2 + 1/4*y**4 - 18*y - 7/6*y**3 + 0. What is the units digit of s(4)?
2
Suppose -308 = -3*b - 0*d + d, 4*d = -b + 107. Let m = 14 + b. Suppose 0 = -3*k - k + 3*i + 519, 0 = k - 5*i - m. What is the units digit of k?
2
Let a(t) = t**3 + 7*t**2 + 9*t - 3. Let z be a(-5). What is the tens digit of z/15 + 35628/90?
9
Suppose -31*h + 33*h + 17228 = 2*j, -5*h = 2*j - 17221. What is the tens digit of j?
1
Let m(n) = 5628*n**3 - 2*n + 1. What is the thousands digit of m(1)?
5
Suppose 33*i - 437 = 10*i. Let u = i + 185. What is the tens digit of u?
0
Suppose -2*k + 7 = -0*o + o, k + 2*o = 5. Suppose -415 = -2*y - v, -16*y - 1054 = -21*y + k*v. What is the units digit of y?
9
What is the units digit of 5224*2 + (-18)/12*(-8)/(-12)?
7
Suppose 22452 = 2*d + 2*t, 12*t + 33686 = 3*d + 11*t. What is the hundreds digit of d?
2
Suppose o = 833 + 566. What is the thousands digit of o?
1
Let t = 2 + -2. Suppose t = -3*j - j - 256. Let o = 174 + j. What is the units digit of o?
0
Suppose -102 = 4*x - 58. Let w(o) = -2*o**3 - 15*o**2 + 3*o + 18. What is the units digit of w(x)?
2
Let k = 104 + -61. Let b be 2/((-4)/(-66)) + (39 - k). Let u = b - -47. What is the tens digit of u?
7
Let h be (-3 - 45/(-9)) + 0 + 1. Suppose h*m = 5*m - 5*s - 680, -2*s - 4 = 0. What is the tens digit of m?
3
Suppose p - 8 = -g + 2, -p + 5*g -